er when 26377 is divided by 1448.
313
Calculate the remainder when 846038 is divided by 3540.
3518
What is the remainder when 3347190 is divided by 290?
10
What is the remainder when 146717 is divided by 171?
170
What is the remainder when 233624157 is divided by 3360?
3357
What is the remainder when 208959 is divided by 10995?
54
Calculate the remainder when 1500292 is divided by 4464.
388
Calculate the remainder when 3537858 is divided by 13.
12
What is the remainder when 4902411 is divided by 132488?
355
Calculate the remainder when 14812332 is divided by 8.
4
What is the remainder when 2260795 is divided by 141263?
587
What is the remainder when 7724465 is divided by 27?
8
What is the remainder when 26233315 is divided by 728701?
79
What is the remainder when 266712 is divided by 100?
12
Calculate the remainder when 100830 is divided by 1975.
105
Calculate the remainder when 15671 is divided by 3165.
3011
What is the remainder when 18812 is divided by 72?
20
Calculate the remainder when 361857 is divided by 4065.
72
What is the remainder when 101843 is divided by 1061?
1048
Calculate the remainder when 29618088 is divided by 9493.
9421
What is the remainder when 807930 is divided by 134655?
0
Calculate the remainder when 868383 is divided by 289454.
21
What is the remainder when 272589 is divided by 3585?
129
Calculate the remainder when 22005 is divided by 300.
105
Calculate the remainder when 3622064 is divided by 36.
32
Calculate the remainder when 58520 is divided by 5851.
10
What is the remainder when 364677 is divided by 52094?
19
What is the remainder when 11445597 is divided by 456?
453
What is the remainder when 173821 is divided by 249?
19
What is the remainder when 113310 is divided by 891?
153
Calculate the remainder when 172238 is divided by 508.
26
Calculate the remainder when 3333696 is divided by 21.
9
What is the remainder when 18890968 is divided by 1479?
1180
Calculate the remainder when 719564 is divided by 1831.
1812
Calculate the remainder when 29516474 is divided by 1209.
1157
Calculate the remainder when 720482 is divided by 101.
49
Calculate the remainder when 11920344 is divided by 655.
654
What is the remainder when 339626787 is divided by 36?
15
Calculate the remainder when 14409253 is divided by 1747.
1744
Calculate the remainder when 8855923 is divided by 2617.
2612
Calculate the remainder when 12068843 is divided by 204.
203
What is the remainder when 339544 is divided by 1698?
1642
Calculate the remainder when 599658 is divided by 149888.
106
Calculate the remainder when 12584798 is divided by 800.
798
What is the remainder when 39891067 is divided by 4432338?
25
Calculate the remainder when 1642367 is divided by 160.
127
Calculate the remainder when 15197 is divided by 14205.
992
Calculate the remainder when 75951845 is divided by 1253.
1250
What is the remainder when 988333 is divided by 494157?
19
Calculate the remainder when 24899 is divided by 1025.
299
What is the remainder when 113277493 is divided by 1529?
1528
What is the remainder when 10865266 is divided by 5592?
10
Calculate the remainder when 74594779 is divided by 136.
3
Calculate the remainder when 5269038 is divided by 2634459.
120
Calculate the remainder when 4372688 is divided by 101.
95
Calculate the remainder when 724492 is divided by 119.
20
Calculate the remainder when 278384 is divided by 226.
178
What is the remainder when 160658546 is divided by 5682?
5678
Calculate the remainder when 1055579 is divided by 522.
95
What is the remainder when 119210104 is divided by 3506179?
18
Calculate the remainder when 172645 is divided by 19165.
160
Calculate the remainder when 1186022 is divided by 169417.
103
What is the remainder when 217690091 is divided by 424?
11
Calculate the remainder when 935435 is divided by 233434.
1699
What is the remainder when 43930884 is divided by 39?
36
What is the remainder when 161995 is divided by 1906?
1891
Calculate the remainder when 2509948 is divided by 18455.
68
What is the remainder when 3832156 is divided by 479018?
12
Calculate the remainder when 53635330 is divided by 15320.
10
Calculate the remainder when 7692800 is divided by 1603.
3
What is the remainder when 76089 is divided by 14?
13
Calculate the remainder when 1523507 is divided by 270.
167
What is the remainder when 188519227 is divided by 32?
27
What is the remainder when 513634 is divided by 511026?
2608
What is the remainder when 39514264 is divided by 90?
34
What is the remainder when 1459467 is divided by 40540?
27
Calculate the remainder when 1770865 is divided by 1769925.
940
Calculate the remainder when 6252 is divided by 5655.
597
What is the remainder when 38740 is divided by 3864?
100
Calculate the remainder when 11228615 is divided by 15815.
15780
Calculate the remainder when 908728 is divided by 3720.
1048
Calculate the remainder when 32474 is divided by 8086.
130
What is the remainder when 1789093 is divided by 77782?
107
What is the remainder when 59671 is divided by 4232?
423
Calculate the remainder when 16367653 is divided by 2947.
15
Calculate the remainder when 532336 is divided by 8586.
4
What is the remainder when 1193792 is divided by 1010?
982
Calculate the remainder when 10001064 is divided by 63701.
7
What is the remainder when 120955 is divided by 2420?
2375
Calculate the remainder when 2103766 is divided by 11953.
38
What is the remainder when 4739309 is divided by 1579767?
8
What is the remainder when 2089260 is divided by 1721?
1687
What is the remainder when 11229215 is divided by 636?
635
Calculate the remainder when 3547056 is divided by 2673.
2658
What is the remainder when 8154785 is divided by 17?
4
What is the remainder when 1299667 is divided by 2221?
382
Calculate the remainder when 84723 is divided by 2573.
2387
Calculate the remainder when 199983 is divided by 1840.
1263
Calculate the remainder when 31318 is divided by 4446.
196
Calculate the remainder when 41527184 is divided by 574.
6
What is the remainder when 4907558 is divided by 1536?
38
What is the remainder when 7498974 is divided by 605?
604
Calculate the remainder when 69127 is divided by 5914.
4073
What is the remainder when 1647584 is divided by 119?
29
What is the remainder when 148823069 is divided by 290?
289
What is the remainder when 9393966 is divided by 71?
27
Calculate the remainder when 1135340 is divided by 6839.
66
Calculate the remainder when 50655785 is divided by 200.
185
What is the remainder when 941808 is divided by 232?
120
What is the remainder when 529715 is divided by 34?
29
What is the remainder when 3540830 is divided by 1637?
1636
What is the remainder when 699905 is divided by 8334?
8183
What is the remainder when 175944 is divided by 58635?
39
What is the remainder when 360807 is divided by 757?
475
Calculate the remainder when 12779691 is divided by 655.
641
Calculate the remainder when 500132 is divided by 169.
61
Calculate the remainder when 2092772 is divided by 21.
17
Calculate the remainder when 8231882 is divided by 1371924.
338
What is the remainder when 110454 is divided by 1939?
1870
Calculate the remainder when 1722426 is divided by 17.
3
What is the remainder when 8165737 is divided by 50?
37
Calculate the remainder when 13774342 is divided by 687.
679
What is the remainder when 779632 is divided by 11812?
40
What is the remainder when 35032 is divided by 473?
30
What is the remainder when 5809593 is divided by 1033?
1
Calculate the remainder when 49603 is divided by 190.
13
What is the remainder when 10943823 is divided by 5815?
5808
What is the remainder when 38695 is divided by 6411?
229
What is the remainder when 1182557 is divided by 80?
77
Calculate the remainder when 370682 is divided by 1005.
842
What is the remainder when 83521 is divided by 212?
205
What is the remainder when 27189873 is divided by 27189864?
9
Calculate the remainder when 1875524 is divided by 293.
31
What is the remainder when 1828967302 is divided by 1018?
1016
What is the remainder when 404660230 is divided by 35?
30
Calculate the remainder when 15446749 is divided by 7.
3
What is the remainder when 332951 is divided by 41599?
159
What is the remainder when 32531228 is divided by 3044?
0
Calculate the remainder when 2091